{"id":582,"date":"2026-04-21T15:55:48","date_gmt":"2026-04-21T18:55:48","guid":{"rendered":"https:\/\/sobedrj.com.br\/congresso\/?page_id=582"},"modified":"2026-04-21T15:55:48","modified_gmt":"2026-04-21T18:55:48","slug":"comissao-organizadora-2","status":"publish","type":"page","link":"https:\/\/sobedrj.com.br\/congresso\/comissao-organizadora-2\/","title":{"rendered":"Comiss\u00e3o Organizadora"},"content":{"rendered":"<ul>\n<li>Mariceli Santos Costa Madureira<\/li>\n<li>Eduardo Madeira<\/li>\n<li>Yolanda Faia Manh\u00e3es Tolentino<\/li>\n<li>Alexandre Dias Pelosi<\/li>\n<li>Miguel Koury Filho<\/li>\n<li>Rosania Maria In\u00e1cio<\/li>\n<li>Fernanda Cravo Barroso<\/li>\n<li>Eduardo Viegas<\/li>\n<li>\u00c9lio Castro<\/li>\n<li>Evelyn Chinem<\/li>\n<li>Renata Amorim,<\/li>\n<li>Viviane Fittipaldi<\/li>\n<li>Huang Ling Fang<\/li>\n<\/ul>\n","protected":false},"excerpt":{"rendered":"<p>Mariceli Santos Costa Madureira Eduardo Madeira Yolanda Faia Manh\u00e3es Tolentino Alexandre Dias Pelosi Miguel Koury Filho Rosania Maria In\u00e1cio Fernanda Cravo Barroso Eduardo Viegas \u00c9lio Castro Evelyn Chinem Renata Amorim, Viviane Fittipaldi Huang Ling Fang<\/p>\n","protected":false},"author":1,"featured_media":0,"parent":0,"menu_order":0,"comment_status":"closed","ping_status":"closed","template":"","meta":{"footnotes":""},"class_list":["post-582","page","type-page","status-publish","hentry"],"_links":{"self":[{"href":"https:\/\/sobedrj.com.br\/congresso\/wp-json\/wp\/v2\/pages\/582","targetHints":{"allow":["GET"]}}],"collection":[{"href":"https:\/\/sobedrj.com.br\/congresso\/wp-json\/wp\/v2\/pages"}],"about":[{"href":"https:\/\/sobedrj.com.br\/congresso\/wp-json\/wp\/v2\/types\/page"}],"author":[{"embeddable":true,"href":"https:\/\/sobedrj.com.br\/congresso\/wp-json\/wp\/v2\/users\/1"}],"replies":[{"embeddable":true,"href":"https:\/\/sobedrj.com.br\/congresso\/wp-json\/wp\/v2\/comments?post=582"}],"version-history":[{"count":1,"href":"https:\/\/sobedrj.com.br\/congresso\/wp-json\/wp\/v2\/pages\/582\/revisions"}],"predecessor-version":[{"id":583,"href":"https:\/\/sobedrj.com.br\/congresso\/wp-json\/wp\/v2\/pages\/582\/revisions\/583"}],"wp:attachment":[{"href":"https:\/\/sobedrj.com.br\/congresso\/wp-json\/wp\/v2\/media?parent=582"}],"curies":[{"name":"wp","href":"https:\/\/api.w.org\/{rel}","templated":true}]}}

Comissão Organizadora

<ul>
<li>Mariceli Santos Costa Madureira</li>
<li>Eduardo Madeira</li>
<li>Yolanda Faia Manhães Tolentino</li>
<li>Alexandre Dias Pelosi</li>
<li>Miguel Koury Filho</li>
<li>Rosania Maria Inácio</li>
<li>Fernanda Cravo Barroso</li>
<li>Eduardo Viegas</li>
<li>Élio Castro</li>
<li>Evelyn Chinem</li>
<li>Renata Amorim,</li>
<li>Viviane Fittipaldi</li>
<li>Huang Ling Fang</li>
</ul>

<p>Mariceli Santos Costa Madureira Eduardo Madeira Yolanda Faia Manhães Tolentino Alexandre Dias Pelosi Miguel Koury Filho Rosania Maria Inácio Fernanda Cravo Barroso Eduardo Viegas Élio Castro Evelyn Chinem Renata Amorim, Viviane Fittipaldi Huang Ling Fang</p>
