{"id":584,"date":"2026-04-21T16:00:48","date_gmt":"2026-04-21T19:00:48","guid":{"rendered":"https:\/\/sobedrj.com.br\/congresso\/?page_id=584"},"modified":"2026-04-22T07:18:03","modified_gmt":"2026-04-22T10:18:03","slug":"palavra-da-presidente","status":"publish","type":"page","link":"https:\/\/sobedrj.com.br\/congresso\/palavra-da-presidente\/","title":{"rendered":"Palavra da presidente"},"content":{"rendered":"<p><img loading=\"lazy\" decoding=\"async\" class=\"aligncenter size-full wp-image-588\" src=\"https:\/\/sobedrj.com.br\/congresso\/wp-content\/uploads\/2026\/04\/palavra_presidente.jpg\" alt=\"\" width=\"567\" height=\"284\" srcset=\"https:\/\/sobedrj.com.br\/congresso\/wp-content\/uploads\/2026\/04\/palavra_presidente.jpg 567w, https:\/\/sobedrj.com.br\/congresso\/wp-content\/uploads\/2026\/04\/palavra_presidente-300x150.jpg 300w\" sizes=\"auto, (max-width: 567px) 100vw, 567px\" \/><\/p>\n<p>Prezados sobedianos,<\/p>\n<p>Com grande satisfa\u00e7\u00e3o compartilho um momento muito especial de nossa sociedade.<\/p>\n<p>Ap\u00f3s um intervalo de 11 anos, temos a honra de retomar o Congresso de Endoscopia, que ser\u00e1 realizado nos dias 22 e 23 de Maio de 2026, no hotel Prodigy Santos Dumont, gra\u00e7as ao incentivo e trabalho \u00e1rduo da nossa diretoria, credibilidade dos patrocinadores e apoio da comunidade m\u00e9dica.<\/p>\n<p>O evento sempre representou um marco na atualiza\u00e7\u00e3o cientifica, troca de experi\u00eancias e o fortalecimento dos la\u00e7os entre os profissionais de nossa especialidade.<\/p>\n<p>Este reencontro foi cuidadosamente planejado para resgatar a tradi\u00e7\u00e3o que constru\u00edmos ao longo da hist\u00f3ria da SOBED-RJ, com programa\u00e7\u00e3o atual, din\u00e2mica e relevante.<\/p>\n<p>Contaremos com a participa\u00e7\u00e3o de renomados especialistas convidados e palestrantes, discuss\u00f5es e oportunidades de intera\u00e7\u00e3o com diferentes gera\u00e7\u00f5es de profissionais. As pessoas e o legado que nos trouxeram at\u00e9 aqui abrem espa\u00e7o para inova\u00e7\u00e3o, novos conhecimentos e perspectivas para o nosso futuro.<\/p>\n<p>Mais que um evento cient\u00edfico, este Congresso escrever\u00e1 um novo cap\u00edtulo para a SOBED-RJ, de integra\u00e7\u00e3o, renova\u00e7\u00e3o e crescimento.<\/p>\n<p>Contamos com a presen\u00e7a de todos.<\/p>\n<p>Mariceli Madureira<br \/>\n<em>Presidente Bi\u00eanio 2025-2026<\/em><\/p>\n","protected":false},"excerpt":{"rendered":"<p>Prezados sobedianos, Com grande satisfa\u00e7\u00e3o compartilho um momento muito especial de nossa sociedade. Ap\u00f3s um intervalo de 11 anos, temos a honra de retomar o Congresso de Endoscopia, que ser\u00e1 realizado nos dias 22 e 23 de Maio de 2026, no hotel Prodigy Santos Dumont, gra\u00e7as ao incentivo e trabalho \u00e1rduo da nossa diretoria, credibilidade [&hellip;]<\/p>\n","protected":false},"author":1,"featured_media":0,"parent":0,"menu_order":0,"comment_status":"closed","ping_status":"closed","template":"","meta":{"footnotes":""},"class_list":["post-584","page","type-page","status-publish","hentry"],"_links":{"self":[{"href":"https:\/\/sobedrj.com.br\/congresso\/wp-json\/wp\/v2\/pages\/584","targetHints":{"allow":["GET"]}}],"collection":[{"href":"https:\/\/sobedrj.com.br\/congresso\/wp-json\/wp\/v2\/pages"}],"about":[{"href":"https:\/\/sobedrj.com.br\/congresso\/wp-json\/wp\/v2\/types\/page"}],"author":[{"embeddable":true,"href":"https:\/\/sobedrj.com.br\/congresso\/wp-json\/wp\/v2\/users\/1"}],"replies":[{"embeddable":true,"href":"https:\/\/sobedrj.com.br\/congresso\/wp-json\/wp\/v2\/comments?post=584"}],"version-history":[{"count":4,"href":"https:\/\/sobedrj.com.br\/congresso\/wp-json\/wp\/v2\/pages\/584\/revisions"}],"predecessor-version":[{"id":589,"href":"https:\/\/sobedrj.com.br\/congresso\/wp-json\/wp\/v2\/pages\/584\/revisions\/589"}],"wp:attachment":[{"href":"https:\/\/sobedrj.com.br\/congresso\/wp-json\/wp\/v2\/media?parent=584"}],"curies":[{"name":"wp","href":"https:\/\/api.w.org\/{rel}","templated":true}]}}

<p><img loading="lazy" decoding="async" class="aligncenter size-full wp-image-588" src="https://sobedrj.com.br/congresso/wp-content/uploads/2026/04/palavra_presidente.jpg" alt="" width="567" height="284" srcset="https://sobedrj.com.br/congresso/wp-content/uploads/2026/04/palavra_presidente.jpg 567w, https://sobedrj.com.br/congresso/wp-content/uploads/2026/04/palavra_presidente-300x150.jpg 300w" sizes="auto, (max-width: 567px) 100vw, 567px" /></p>
<p>Prezados sobedianos,</p>
<p>Com grande satisfação compartilho um momento muito especial de nossa sociedade.</p>
<p>Após um intervalo de 11 anos, temos a honra de retomar o Congresso de Endoscopia, que será realizado nos dias 22 e 23 de Maio de 2026, no hotel Prodigy Santos Dumont, graças ao incentivo e trabalho árduo da nossa diretoria, credibilidade dos patrocinadores e apoio da comunidade médica.</p>
<p>O evento sempre representou um marco na atualização cientifica, troca de experiências e o fortalecimento dos laços entre os profissionais de nossa especialidade.</p>
<p>Este reencontro foi cuidadosamente planejado para resgatar a tradição que construímos ao longo da história da SOBED-RJ, com programação atual, dinâmica e relevante.</p>
<p>Contaremos com a participação de renomados especialistas convidados e palestrantes, discussões e oportunidades de interação com diferentes gerações de profissionais. As pessoas e o legado que nos trouxeram até aqui abrem espaço para inovação, novos conhecimentos e perspectivas para o nosso futuro.</p>
<p>Mais que um evento científico, este Congresso escreverá um novo capítulo para a SOBED-RJ, de integração, renovação e crescimento.</p>
<p>Contamos com a presença de todos.</p>
<p>Mariceli Madureira<br />
<em>Presidente Biênio 2025-2026</em></p>

<p>Prezados sobedianos, Com grande satisfação compartilho um momento muito especial de nossa sociedade. Após um intervalo de 11 anos, temos a honra de retomar o Congresso de Endoscopia, que será realizado nos dias 22 e 23 de Maio de 2026, no hotel Prodigy Santos Dumont, graças ao incentivo e trabalho árduo da nossa diretoria, credibilidade [&hellip;]</p>
