{"id":60,"date":"2026-01-26T17:01:48","date_gmt":"2026-01-26T20:01:48","guid":{"rendered":"https:\/\/sobedrj.com.br\/congresso\/?page_id=60"},"modified":"2026-01-27T10:36:44","modified_gmt":"2026-01-27T13:36:44","slug":"inscricoes","status":"publish","type":"page","link":"https:\/\/sobedrj.com.br\/congresso\/inscricoes\/","title":{"rendered":"Inscri\u00e7\u00f5es"},"content":{"rendered":"<p><img loading=\"lazy\" decoding=\"async\" class=\"aligncenter size-full wp-image-198\" src=\"https:\/\/sobedrj.com.br\/congresso\/wp-content\/uploads\/2026\/01\/taxa_inscricao_1.png\" alt=\"\" width=\"900\" height=\"500\" srcset=\"https:\/\/sobedrj.com.br\/congresso\/wp-content\/uploads\/2026\/01\/taxa_inscricao_1.png 900w, https:\/\/sobedrj.com.br\/congresso\/wp-content\/uploads\/2026\/01\/taxa_inscricao_1-300x167.png 300w, https:\/\/sobedrj.com.br\/congresso\/wp-content\/uploads\/2026\/01\/taxa_inscricao_1-768x427.png 768w\" sizes=\"auto, (max-width: 900px) 100vw, 900px\" \/><\/p>\n<p>ESCOLHA SUA CATEGORIA:<\/p>\n<ul>\n<li><a href=\"https:\/\/sobedrj.com.br\/congresso\/inscricoes\/inscricao-socio-titular-sobed-quite\/\">S\u00f3cio titular SOBED quite<\/a><\/li>\n<li><a href=\"https:\/\/sobedrj.com.br\/congresso\/inscricoes\/inscricao-socio-aspirante-sobed-quite\/\">S\u00f3cio aspirante SOBED quite<\/a><\/li>\n<li><a href=\"https:\/\/sobedrj.com.br\/congresso\/inscricoes\/inscricao-socio-sobed-quite\/\">S\u00f3cio SOBED quite<\/a><\/li>\n<li><a href=\"https:\/\/sobedrj.com.br\/congresso\/inscricoes\/inscricao-medicos-nao-socios-ou-nao-quites\/\">M\u00e9dicos n\u00e3o s\u00f3cios ou n\u00e3o quites<\/a><\/li>\n<li><a href=\"https:\/\/sobedrj.com.br\/congresso\/inscricoes\/inscricao-residentes-de-endoscopia-e-gastroenterologia\/\">Residentes de Endoscopia e Gastroententerologia<\/a><\/li>\n<li><a href=\"https:\/\/sobedrj.com.br\/congresso\/inscricoes\/inscricao-academicos-de-medicina\/\">Acad\u00eamicos de Medicina<\/a><\/li>\n<li><a href=\"https:\/\/sobedrj.com.br\/congresso\/inscricoes\/inscricao-profissional-da-saude-nao-prescritor\/\">Profissionais da sa\u00fade n\u00e3o prescritores<\/a><\/li>\n<\/ul>\n","protected":false},"excerpt":{"rendered":"<p>ESCOLHA SUA CATEGORIA: S\u00f3cio titular SOBED quite S\u00f3cio aspirante SOBED quite S\u00f3cio SOBED quite M\u00e9dicos n\u00e3o s\u00f3cios ou n\u00e3o quites Residentes de Endoscopia e Gastroententerologia Acad\u00eamicos de Medicina Profissionais da sa\u00fade n\u00e3o prescritores<\/p>\n","protected":false},"author":1,"featured_media":0,"parent":0,"menu_order":0,"comment_status":"closed","ping_status":"closed","template":"","meta":{"footnotes":""},"class_list":["post-60","page","type-page","status-publish","hentry"],"_links":{"self":[{"href":"https:\/\/sobedrj.com.br\/congresso\/wp-json\/wp\/v2\/pages\/60","targetHints":{"allow":["GET"]}}],"collection":[{"href":"https:\/\/sobedrj.com.br\/congresso\/wp-json\/wp\/v2\/pages"}],"about":[{"href":"https:\/\/sobedrj.com.br\/congresso\/wp-json\/wp\/v2\/types\/page"}],"author":[{"embeddable":true,"href":"https:\/\/sobedrj.com.br\/congresso\/wp-json\/wp\/v2\/users\/1"}],"replies":[{"embeddable":true,"href":"https:\/\/sobedrj.com.br\/congresso\/wp-json\/wp\/v2\/comments?post=60"}],"version-history":[{"count":4,"href":"https:\/\/sobedrj.com.br\/congresso\/wp-json\/wp\/v2\/pages\/60\/revisions"}],"predecessor-version":[{"id":200,"href":"https:\/\/sobedrj.com.br\/congresso\/wp-json\/wp\/v2\/pages\/60\/revisions\/200"}],"wp:attachment":[{"href":"https:\/\/sobedrj.com.br\/congresso\/wp-json\/wp\/v2\/media?parent=60"}],"curies":[{"name":"wp","href":"https:\/\/api.w.org\/{rel}","templated":true}]}}

Inscrições

<p><img loading="lazy" decoding="async" class="aligncenter size-full wp-image-198" src="https://sobedrj.com.br/congresso/wp-content/uploads/2026/01/taxa_inscricao_1.png" alt="" width="900" height="500" srcset="https://sobedrj.com.br/congresso/wp-content/uploads/2026/01/taxa_inscricao_1.png 900w, https://sobedrj.com.br/congresso/wp-content/uploads/2026/01/taxa_inscricao_1-300x167.png 300w, https://sobedrj.com.br/congresso/wp-content/uploads/2026/01/taxa_inscricao_1-768x427.png 768w" sizes="auto, (max-width: 900px) 100vw, 900px" /></p>
<p>ESCOLHA SUA CATEGORIA:</p>
<ul>
<li><a href="https://sobedrj.com.br/congresso/inscricoes/inscricao-socio-titular-sobed-quite/">Sócio titular SOBED quite</a></li>
<li><a href="https://sobedrj.com.br/congresso/inscricoes/inscricao-socio-aspirante-sobed-quite/">Sócio aspirante SOBED quite</a></li>
<li><a href="https://sobedrj.com.br/congresso/inscricoes/inscricao-socio-sobed-quite/">Sócio SOBED quite</a></li>
<li><a href="https://sobedrj.com.br/congresso/inscricoes/inscricao-medicos-nao-socios-ou-nao-quites/">Médicos não sócios ou não quites</a></li>
<li><a href="https://sobedrj.com.br/congresso/inscricoes/inscricao-residentes-de-endoscopia-e-gastroenterologia/">Residentes de Endoscopia e Gastroententerologia</a></li>
<li><a href="https://sobedrj.com.br/congresso/inscricoes/inscricao-academicos-de-medicina/">Acadêmicos de Medicina</a></li>
<li><a href="https://sobedrj.com.br/congresso/inscricoes/inscricao-profissional-da-saude-nao-prescritor/">Profissionais da saúde não prescritores</a></li>
</ul>

<p>ESCOLHA SUA CATEGORIA: Sócio titular SOBED quite Sócio aspirante SOBED quite Sócio SOBED quite Médicos não sócios ou não quites Residentes de Endoscopia e Gastroententerologia Acadêmicos de Medicina Profissionais da saúde não prescritores</p>
