{"id":101,"date":"2015-01-30T20:45:22","date_gmt":"2015-01-30T20:45:22","guid":{"rendered":"http:\/\/sobedrj.com.br\/novo\/?page_id=101"},"modified":"2015-01-30T20:45:22","modified_gmt":"2015-01-30T20:45:22","slug":"enteroscopia-por-capsula","status":"publish","type":"page","link":"https:\/\/sobedrj.com.br\/novo\/informacoes-para-pacientes\/enteroscopia-por-capsula\/","title":{"rendered":"Enteroscopia por C\u00e1psula"},"content":{"rendered":"<p><strong>O que \u00e9?<\/strong><\/p>\n<p>Este exame \u00e9 realizado pela ingest\u00e3o de uma micro c\u00e2mera semelhante a uma c\u00e1psula de vitaminas grande, que desce naturalmente pelo aparelho digestivo e ao mesmo tempo vai fotografando suas paredes. As imagens s\u00e3o transmitidas a um gravador que fica num cintur\u00e3o colocado no abd\u00f4men do paciente. Estas imagens ser\u00e3o depois analisadas pelo m\u00e9dico, num monitor de v\u00eddeo de um computador. A c\u00e1psula endosc\u00f3pica \u00e9 destinada ao exame do intestino delgado e n\u00e3o deve ser usada para o exame do es\u00f4fago, est\u00f4mago, duodeno e c\u00f3lon. A c\u00e1psula \u00e9 um m\u00e9todo que permite apenas ver o interior do intestino e n\u00e3o serve para realizar bi\u00f3psias ou tratamentos, como a remo\u00e7\u00e3o de p\u00f3lipos ou parar hemorragias.<\/p>\n<p>O exame demora 8 horas. Ap\u00f3s passadas 8 horas, o paciente remove o cintur\u00e3o do abd\u00f4men e o devolve para o m\u00e9dico. A c\u00e1psula \u00e9 descart\u00e1vel e \u00e9 eliminada naturalmente pelo movimento do intestino. Isto geralmente acontece em at\u00e9 3 dias depois do exame.<\/p>\n<p><strong>Quais s\u00e3o os riscos?<\/strong><\/p>\n<p>As complica\u00e7\u00f5es pelo uso da c\u00e1psula s\u00e3o raras. Abaixo s\u00e3o descritos os problemas mais frequentes. \u00c9 importante saber que nem todos os problemas s\u00e3o previs\u00edveis.<\/p>\n<p>Em casos raros a c\u00e1psula n\u00e3o \u00e9 eliminada normalmente e pode haver obstru\u00e7\u00e3o intestinal, com necessidade de cirurgia ou endoscopia para sua remo\u00e7\u00e3o. Pessoas com estreitamentos no intestino ou que j\u00e1 sofreram cirurgias abdominais t\u00eam maior risco de obstru\u00e7\u00e3o pela c\u00e1psula.<\/p>\n<p>Raramente, partes do intestino delgado n\u00e3o s\u00e3o examinadas adequadamente, o que pode levar a um diagn\u00f3stico incorreto. Isto pode acontecer quando a c\u00e1psula demora mais tempo para descer, quando h\u00e1 res\u00edduos no interior do intestino, quando h\u00e1 interfer\u00eancia de campos magn\u00e9ticos no funcionamento da c\u00e1psula, quando o cinto \u00e9 removido antes do tempo certo, ou por mau funcionamento da c\u00e1psula.<\/p>\n<p>Pode haver aspira\u00e7\u00e3o da c\u00e1psula para as vias a\u00e9reas ou para o pulm\u00e3o, causando dificuldade respirat\u00f3ria e pneumonia. Durante a degluti\u00e7\u00e3o, a c\u00e1psula tamb\u00e9m pode ficar presa na parte de tr\u00e1s da garganta. Nestes casos \u00e9 necess\u00e1ria a remo\u00e7\u00e3o da c\u00e1psula por um m\u00e9dico com equipamentos adequados. Estes problemas s\u00e3o mais prov\u00e1veis de acontecer em pessoas que t\u00eam dificuldade para engolir.<\/p>\n<p><strong>Cuidados durante e ap\u00f3s o exame?<\/strong><\/p>\n<p>N\u00e3o remover o cintur\u00e3o antes do t\u00e9rmino do exame.<\/p>\n<p>Evitar proximidade de campos magn\u00e9ticos fortes. Enquanto a c\u00e1psula n\u00e3o for eliminada, o paciente n\u00e3o poder\u00e1 ser submetido a exame de resson\u00e2ncia magn\u00e9tica.<\/p>\n<p>Ainda n\u00e3o se sabe se a c\u00e1psula pode alterar o funcionamento de marca-passos ou desfibriladores card\u00edacos e por isso o seu uso n\u00e3o \u00e9 recomendado nesses pacientes.<\/p>\n<p>Se ap\u00f3s o exame o paciente tiver febre, dores ou distens\u00e3o abdominal, dor no t\u00f3rax, falta de ar ou dificuldade para engolir, ele dever\u00e1 ir a um servi\u00e7o de emerg\u00eancia ou procurar seu m\u00e9dico, para esclarecer se h\u00e1 alguma complica\u00e7\u00e3o.<\/p>\n","protected":false},"excerpt":{"rendered":"<p>O que \u00e9? Este exame \u00e9 realizado pela ingest\u00e3o de uma micro c\u00e2mera semelhante a uma c\u00e1psula de vitaminas grande, que desce naturalmente pelo aparelho digestivo e ao mesmo tempo vai fotografando suas paredes. As imagens s\u00e3o transmitidas a um gravador que fica num cintur\u00e3o colocado no abd\u00f4men do paciente. Estas imagens ser\u00e3o depois analisadas [&hellip;]<\/p>\n","protected":false},"author":1,"featured_media":0,"parent":86,"menu_order":0,"comment_status":"closed","ping_status":"open","template":"","meta":{"ngg_post_thumbnail":0,"footnotes":""},"class_list":["post-101","page","type-page","status-publish","hentry"],"aioseo_notices":[],"_links":{"self":[{"href":"https:\/\/sobedrj.com.br\/novo\/wp-json\/wp\/v2\/pages\/101","targetHints":{"allow":["GET"]}}],"collection":[{"href":"https:\/\/sobedrj.com.br\/novo\/wp-json\/wp\/v2\/pages"}],"about":[{"href":"https:\/\/sobedrj.com.br\/novo\/wp-json\/wp\/v2\/types\/page"}],"author":[{"embeddable":true,"href":"https:\/\/sobedrj.com.br\/novo\/wp-json\/wp\/v2\/users\/1"}],"replies":[{"embeddable":true,"href":"https:\/\/sobedrj.com.br\/novo\/wp-json\/wp\/v2\/comments?post=101"}],"version-history":[{"count":1,"href":"https:\/\/sobedrj.com.br\/novo\/wp-json\/wp\/v2\/pages\/101\/revisions"}],"predecessor-version":[{"id":102,"href":"https:\/\/sobedrj.com.br\/novo\/wp-json\/wp\/v2\/pages\/101\/revisions\/102"}],"up":[{"embeddable":true,"href":"https:\/\/sobedrj.com.br\/novo\/wp-json\/wp\/v2\/pages\/86"}],"wp:attachment":[{"href":"https:\/\/sobedrj.com.br\/novo\/wp-json\/wp\/v2\/media?parent=101"}],"curies":[{"name":"wp","href":"https:\/\/api.w.org\/{rel}","templated":true}]}}