{"id":22,"date":"2015-01-30T18:46:10","date_gmt":"2015-01-30T18:46:10","guid":{"rendered":"http:\/\/sobedrj.com.br\/novo\/?page_id=22"},"modified":"2025-01-30T15:50:09","modified_gmt":"2025-01-30T18:50:09","slug":"associe-se","status":"publish","type":"page","link":"https:\/\/sobedrj.com.br\/novo\/associe-se\/","title":{"rendered":"Associe-se"},"content":{"rendered":"<p><img loading=\"lazy\" decoding=\"async\" class=\"alignleft size-full wp-image-506\" src=\"http:\/\/sobedrj.com.br\/novo\/wp-content\/uploads\/2015\/03\/sobed.jpg\" alt=\"sobed\" width=\"240\" height=\"160\">Para se tornar s\u00f3cio da SOBED, \u00e9 necess\u00e1rio&nbsp;fazer a solicita\u00e7\u00e3o online atrav\u00e9s do site da sociedade.<\/p>\n<p><a href=\"https:\/\/www.sobed.org.br\/beneficios\/anuidade\/associe-se\/\" target=\"_blank\" rel=\"noopener\">ASSOCIE-SE<\/a><\/p>\n","protected":false},"excerpt":{"rendered":"<p>Para se tornar s\u00f3cio da SOBED, \u00e9 necess\u00e1rio&nbsp;fazer a solicita\u00e7\u00e3o online atrav\u00e9s do site da sociedade. ASSOCIE-SE<\/p>\n","protected":false},"author":1,"featured_media":0,"parent":0,"menu_order":0,"comment_status":"closed","ping_status":"closed","template":"","meta":{"ngg_post_thumbnail":0,"footnotes":""},"class_list":["post-22","page","type-page","status-publish","hentry"],"aioseo_notices":[],"_links":{"self":[{"href":"https:\/\/sobedrj.com.br\/novo\/wp-json\/wp\/v2\/pages\/22","targetHints":{"allow":["GET"]}}],"collection":[{"href":"https:\/\/sobedrj.com.br\/novo\/wp-json\/wp\/v2\/pages"}],"about":[{"href":"https:\/\/sobedrj.com.br\/novo\/wp-json\/wp\/v2\/types\/page"}],"author":[{"embeddable":true,"href":"https:\/\/sobedrj.com.br\/novo\/wp-json\/wp\/v2\/users\/1"}],"replies":[{"embeddable":true,"href":"https:\/\/sobedrj.com.br\/novo\/wp-json\/wp\/v2\/comments?post=22"}],"version-history":[{"count":8,"href":"https:\/\/sobedrj.com.br\/novo\/wp-json\/wp\/v2\/pages\/22\/revisions"}],"predecessor-version":[{"id":17471,"href":"https:\/\/sobedrj.com.br\/novo\/wp-json\/wp\/v2\/pages\/22\/revisions\/17471"}],"wp:attachment":[{"href":"https:\/\/sobedrj.com.br\/novo\/wp-json\/wp\/v2\/media?parent=22"}],"curies":[{"name":"wp","href":"https:\/\/api.w.org\/{rel}","templated":true}]}}