{"id":2733,"date":"2016-09-13T13:16:00","date_gmt":"2016-09-13T13:16:00","guid":{"rendered":"http:\/\/sobedrj.com.br\/novo\/?page_id=2733"},"modified":"2025-11-17T06:50:57","modified_gmt":"2025-11-17T09:50:57","slug":"especialistas-filiados-a-sobed","status":"publish","type":"page","link":"https:\/\/sobedrj.com.br\/novo\/especialistas-filiados-a-sobed\/","title":{"rendered":"Encontre seu especialista"},"content":{"rendered":"<p><strong>ENCONTRE SEU ESPECIALISTA<\/strong><\/p>\n<p>VERIFIQUE SE SEU M\u00c9DICO \u00c9 FILIADO \u00c0 SOCIEDADE BRASILEIRA DE ENDOSCOPIA DIGESTIVA (SOBED):<\/p>\n<p><strong>Rio de Janeiro<\/strong><\/p>\n<ul>\n<li>AFONSO CELSO DA SILVA PAREDES<\/li>\n<li>AGNES NAOMI YOSHIMOTO<\/li>\n<li>ALESSANDRA MENDON\u00c7A DE ALMEIDA MACIEL<\/li>\n<li>ALEXANDRE ABR\u00c3O NETO<\/li>\n<li>ALEXANDRE DIAS PELOSI<\/li>\n<li>ALEXANDRE SARAIVA IACHAN<\/li>\n<\/ul>\n<p>ALEXANDRE TEIXEIRA GON\u00c7ALVES<\/p>\n<p>CRM: 52815101<\/p>\n<p>Endere\u00e7o: Avenida Ces\u00e1rio de Melo, 2823, sala 201, Campo Grande (<a href=\"https:\/\/maps.app.goo.gl\/fknb3jWupv1RQxqH7\">saiba como chegar<\/a>)<\/p>\n<ul>\n<li>ALLINE PIMENTA<\/li>\n<li>ALVARO AUGUSTO GUIMAR\u00c3ES FREIRE<\/li>\n<\/ul>\n<p>ANA CAROLINA MARON AYRES<\/p>\n<p>CRM: 52816671<\/p>\n<p>Telefones: (21) 2431-7319, 3258\u20134404, 98563-2086<\/p>\n<p>Endere\u00e7o: Av. Ayrton Senna 2.500, Office III, bloco 2b, sala 230, Barra da Tijuca (<a href=\"https:\/\/goo.gl\/maps\/78XbLHWj9DDg3UNdA\" target=\"_blank\" rel=\"noopener\">saiba como chegar<\/a>)<\/p>\n<ul>\n<li>ANA CLAUDIA ROCHA DE SA<\/li>\n<\/ul>\n<p>ANA LUCIA MAIA DA SILVA<\/p>\n<p>CRM: 5257467-9<\/p>\n<p>Telefones: (21) 3627-3327<\/p>\n<p>Endere\u00e7o: Estrada dos Tr\u00eas Rios, 741, sala 323, Freguesia, Jacarepagu\u00e1 (<a href=\"https:\/\/goo.gl\/maps\/6CwkGxBpJUb7ka9MA\" target=\"_blank\" rel=\"noopener\">saiba como chegar<\/a>)<\/p>\n<ul>\n<li>ANA LUIZA ARAUJO DE OLIVEIRA<\/li>\n<li>ANA LUIZA VIANNA SOBRAL DE MAGALH\u00c3ES OLIVEIRA<\/li>\n<\/ul>\n<p>ANA MARIA ZUCCARO<\/p>\n<p>CRM: 52.30043-8<\/p>\n<p>Telefones: (21) 2522-4911<\/p>\n<p>Endere\u00e7o: Rua Visconde de Piraj\u00e1, 550, sala 2102, Ipanema (<a href=\"https:\/\/goo.gl\/maps\/eyCMvK6nBLKngS3DA\" target=\"_blank\" rel=\"noopener\">saiba como chegar<\/a>)<\/p>\n<p>Telefones: (21) 2524-8172<\/p>\n<p>Endere\u00e7o:&nbsp;Avenida Nilo Pe\u00e7anha, 38, 8\u00ba andar, Centro (<a href=\"https:\/\/goo.gl\/maps\/94H8n8esmfGLRaxLA\" target=\"_blank\" rel=\"noopener\">saiba como chegar<\/a>)<\/p>\n<ul>\n<li>ANA PAULA FERREIRA KADOW<\/li>\n<li>ANA TERESA PUGAS CARVALHO<\/li>\n<li>ANDR\u00c9A QUEIROGA<\/li>\n<li>ANDREA RODRIGUES GON\u00c7ALVES<\/li>\n<li>ANGELI BRAGA RAPHAEL MANIERO<\/li>\n<\/ul>\n<p>ARMANDO WAGMAN<\/p>\n<p>CRM: 52-568383<\/p>\n<p>Endere\u00e7o: Avenida das Am\u00e9ricas, 19.005, torre 2, salas 412 e 413, Recreio dos Bandeirantes (<a href=\"https:\/\/goo.gl\/maps\/DqX2xraGcM32drdEA\" target=\"_blank\" rel=\"noopener\">saiba como chegar<\/a>)<\/p>\n<ul>\n<li>BIANCA TAUIL RODRIGUES BORGES<\/li>\n<li>BRUNO SILVA POSCHETZKY<\/li>\n<li>CAMILA CESAR MONNERAT<\/li>\n<li>CARLOS ALBERTO CORREA NETTO<\/li>\n<li>CARLOS EDUARDO FERREIRA DE MESQUITA<\/li>\n<li>CAROLINA IMAMURA DOS SANTOS<\/li>\n<\/ul>\n<p>C\u00c9SAR AUGUSTO DA FONSECA LIMA AMORIM<\/p>\n<p>CRM: 52-779822<\/p>\n<p>Telefone: (21) 2286-3312<\/p>\n<p>Endere\u00e7o: Rua Visconde de Piraj\u00e1, 407 sala 603, Ipanema, Rio de Janeiro (<a href=\"https:\/\/goo.gl\/maps\/78nqoqXx4ZhcuQwh8\" target=\"_blank\" rel=\"noopener\">saiba como chegar<\/a>)<\/p>\n<ul>\n<li>CHARISSE MENDOZA SALAS RODRIGUEZ VALIDO<\/li>\n<li>CINDY LIS GRANADOS<\/li>\n<li>CLAUDIA DE ALMEIDA COSTA PINTO<\/li>\n<li>CLAUDIA LOJA GON\u00c7ALO<\/li>\n<li>CLAUDIA MARTINS DE GROSSI FIRMAN<\/li>\n<\/ul>\n<p>CLAUDIO ROBERTO MORAIS DA SILVA<\/p>\n<p>CRM: 52608364<\/p>\n<p>Endere\u00e7o: Avenida Ces\u00e1rio de Melo, 3600, bloco 2, sala 610 &#8211; Plaza Office, Campo Grande (<a href=\"https:\/\/maps.app.goo.gl\/MkBpWgyjVsEEuBB68\">saiba como chegar<\/a>)<\/p>\n<p>Telefone: (21) 2413-9089<\/p>\n<ul>\n<li>CLEBER VARGAS<\/li>\n<li>CRISTINA DE BRITTO BAHRUTH CAMARGO<\/li>\n<li>CYNTHIA MARIA RIBEIRO DE MORAES MAGALH\u00c3ES<\/li>\n<li>CYRLA ZALTMAN<\/li>\n<li>DANIEL DE OLIVEIRA RESENDE RIBEIRO<\/li>\n<li>DANIELA BARLETTA RIBEIRO<\/li>\n<li>DANIELA KLARNET WROBEL<\/li>\n<li>DEISE LUCIA MARQUES DOS SANTOS<\/li>\n<li>DENISE PEIXOTO GUIMAR\u00c3ES<\/li>\n<li>DENISE PEPE RIBEIRO JUNQUEIRA<\/li>\n<li>DIALINA DA CONCEI\u00c7\u00c3O MARTINS MACHADO<\/li>\n<li>DJALMA ERNESTO COELHO NETO<\/li>\n<li>DOMINGOS FITTIPALDI<\/li>\n<li>EDSON JURADO DA SILVA<\/li>\n<li>EDUARDO LINHARES RIELLO DE MELLO<\/li>\n<li>EDUARDO MADEIRA<\/li>\n<\/ul>\n<p>ELCIRLENE ALMEIDA DE SOUZA<\/p>\n<p>CRM: 52545590<\/p>\n<p>Telefone: (21) 2557-0092<\/p>\n<p>Endere\u00e7o: Rua Dois de Dezembro, 78, sala 905, Flamengo (<a href=\"https:\/\/goo.gl\/maps\/7eQZdoRBZNdCyJHq8\" target=\"_blank\" rel=\"noopener\">saiba como chegar<\/a>)<\/p>\n<ul>\n<li>ELIAS EDUARDO NIGRI<\/li>\n<li>\u00c9LIO CUNHA CASTRO FILHO<\/li>\n<li>ELISA L\u00daCIA DE OLIVEIRA SILVA<\/li>\n<li>ELLEN FRANCIONI LIMA TEIXEIRA<\/li>\n<li>EMILIA GORETI PEREIRA<\/li>\n<li>EVANDRO DE OLIVEIRA S\u00c1<\/li>\n<li>EVELYN SAYURI SIMABUGURO CHINEM<\/li>\n<li>EVERSON DA FONSECA QUINT\u00c3O<\/li>\n<li>FABIO BASTOS DE MELLO<\/li>\n<li>FATIMA APARECIDA FERREIRA FIGUEIREDO<\/li>\n<\/ul>\n<p>FELIPE MOTA MENDON\u00c7A<\/p>\n<p>CRM: 5279268-3<\/p>\n<p>Telefone: (21) 2513-3096<\/p>\n<p>Endere\u00e7o: Rua Visconde de Piraj\u00e1, 82 &#8211; sala 510, Ipanema (<a href=\"https:\/\/goo.gl\/maps\/EjHhnsSPoFKDojVr9\" target=\"_blank\" rel=\"noopener\">saiba como chegar<\/a>)<\/p>\n<p>Telefone: (21) 2560-2777<\/p>\n<p>Endere\u00e7o: Rua Cardoso de Morais, 145 &#8211; sala 1008, Bonsucesso (<a href=\"https:\/\/goo.gl\/maps\/EJ6i6mAJYqBmPLXXA\" target=\"_blank\" rel=\"noopener\">saiba como chegar<\/a>)<\/p>\n<ul>\n<li>FELIPE MATZ VIEIRA<\/li>\n<li>FERNANDA BARRETTO NASCIMENTO<\/li>\n<li>FERNANDA CRAVO BARROSO<\/li>\n<li>FERNANDO JOS\u00c9 DA SILVA GARCIA DE MELO<\/li>\n<li>FERNANDO JOS\u00c9 FROTA MONT-ALVERNE<\/li>\n<li>FERNANDO LUIZ SILVEIRA GUIGON DE ARAUJO<\/li>\n<li>FERNANDO MARQUES MOREIRA DE CASTRO<\/li>\n<li>FERNANDO PERES DA SILVA<\/li>\n<li>FERNANDO PRADO DE BARROS<\/li>\n<li>FILIPE GALV\u00c3O VASCONCELLOS<\/li>\n<li>FLAVIO ABBY<\/li>\n<li>FLAVIO LUIS DE SOUSA BRAND\u00c3O<\/li>\n<li>FLAVIO MITIDIERI RAMOS<\/li>\n<li>FLAVIO SOUZA RODRIGUES DA CUNHA<\/li>\n<\/ul>\n<p>GEORGE WILLIAM LE MA\u00ceTRE JUNIOR<\/p>\n<p>CRM: 5267582-2<\/p>\n<p>Telefone: (21) 2496-3522<\/p>\n<p>Endere\u00e7o: Av. Embaixador Abelardo Bueno 1, Bloco 1, Sala 201, Barra da Tijuca (<a href=\"https:\/\/goo.gl\/maps\/hFqEjbP1gZsvwfdu7\" target=\"_blank\" rel=\"noopener\">saiba como chegar<\/a>)<\/p>\n<ul>\n<li>GILBERTO REYNALDO MANSUR<\/li>\n<\/ul>\n<p>GISELLE DE ARAUJO GOMES<\/p>\n<p>CRM: 5275413-7<\/p>\n<p>Endere\u00e7o: Avenida Armando Lombardi 1000 salas 110\/111, Barra da Tijuca, Rio de Janeiro (<a href=\"https:\/\/goo.gl\/maps\/z9tVGscaUbSKXise7\" target=\"_blank\" rel=\"noopener\">saiba como chegar<\/a>)<\/p>\n<p>Telefones: (21) 35475563 \/ 98167-2350<\/p>\n<ul>\n<li>GREGORIO FELDMAN<\/li>\n<li>GUSTAVO FRANCISCO DE SOUZA E MELLO<\/li>\n<li>GUSTAVO HENRIQUE SANTOS PEREIRA<\/li>\n<li>HILTON GUEIROS LEIT\u00c3O NETO<\/li>\n<li>HUANG LING FANG<\/li>\n<li>HUMBERTO CORTES FONSECA<\/li>\n<\/ul>\n<p>IHAN CEBIN FERRAZ<\/p>\n<p>CRM: 5287602-0<\/p>\n<p>Telefone: (21) 96775-7747<\/p>\n<p>Endere\u00e7o: Avenida das Am\u00e9ricas, 3200, sl 234, Barra da Tijuca (<a href=\"https:\/\/maps.app.goo.gl\/VQD7s77R3tFKt35fA\" target=\"_blank\" rel=\"noopener\">saiba como chegar<\/a>)<\/p>\n<ul>\n<li>ISABEL FONSECA SANTOS<\/li>\n<li>ISABELLA DE MIRANDA GUIMAR\u00c3ES<\/li>\n<li>ISABELLA SILVA CARDOSO<\/li>\n<li>ISRAEL NOEMIO MEDRADO SOBRINHO<\/li>\n<li>IVAN MARCIO STABNOV<\/li>\n<li>JACQUELINE BITTENCOURT ALTHOFF PAIX\u00c3O<\/li>\n<\/ul>\n<p>JANETE DE SOUZA MOURA<\/p>\n<p>CRM: 5257519\/9<\/p>\n<p>Telefone: (21) 3687-9608<\/p>\n<p>Endere\u00e7o: Av. Nossa Senhora de Copacabana, 1.417, sala 214, Copacabana, Rio de Janeiro (<a href=\"https:\/\/goo.gl\/maps\/M2MAU4B9JmzebBXF6\" target=\"_blank\" rel=\"noopener\">saiba como chegar<\/a>)<\/p>\n<p>Telefone: (21) 2268-3640<\/p>\n<p>Endere\u00e7o: Rua Conde de Bonfim, 1.033, Tijuca, Rio de Janeiro (<a href=\"https:\/\/goo.gl\/maps\/cK1ZYLnyDXShPdAo9\" target=\"_blank\" rel=\"noopener\">saiba como chegar<\/a>)<\/p>\n<ul>\n<li>JANIO DE OLIVEIRA MENDES<\/li>\n<li>JOAO AUTRAN NEBEL<\/li>\n<li>JO\u00c3O CARLOS DE ALMEIDA SOARES<\/li>\n<li>JOS\u00c9 AUGUSTO DA SILVA MESSIAS<\/li>\n<li>JOS\u00c9 FIGUEIREDO PENTEADO<\/li>\n<li>JOS\u00c9 GERALDO ALVES DE MENEZES<\/li>\n<li>JOS\u00c9 NARCISO DE CARVALHO NETO<\/li>\n<li>JOSELITO BARROS OLIVEIRA<\/li>\n<li>JULIANA FARIA LUA FIGUEIREDO<\/li>\n<li>JULIANA RIBEIRO DA COSTA LINO<\/li>\n<li>JULIANO SOUZA DE ABREU HIDD<\/li>\n<li>LAURA CRISTINA NEVES SIMAS<\/li>\n<li>LAURA HELMAN<\/li>\n<\/ul>\n<p>LIETE MARTHA CAMARA<\/p>\n<p>CRM: <span data-olk-copy-source=\"MessageBody\">52391613<\/span><\/p>\n<p>Telefone: (21) <span data-olk-copy-source=\"MessageBody\">99989-5944<\/span><\/p>\n<p>Endere\u00e7o: <span data-olk-copy-source=\"MessageBody\">Avenida Nossa Senhora de Copacabana, 1.072, sala 405, Copacabana<\/span>, Rio de Janeiro (<a href=\"https:\/\/maps.app.goo.gl\/Kq3FYE8DrR2pptGA8\" target=\"_blank\" rel=\"noopener\">saiba como chegar<\/a>)<\/p>\n<ul>\n<li>LUCYENE CARVALHO FLORENTINO<\/li>\n<li>LU\u00cdS AUGUSTO SALLES COELHO DA MOTA<\/li>\n<li>LUIZ ARTUR GUIMAR\u00c3ES JURUENA DE MATTOS<\/li>\n<li>LUIZ AUGUSTO DA SILVA<\/li>\n<li>LUIZ FERNANDO DA ROCHA DIB<\/li>\n<li>LUIZ LEITE LUNA<\/li>\n<\/ul>\n<p>MANUEL MARCELO ANTEQUERA VILLAGRA<\/p>\n<p>CRM: 5267268-8<\/p>\n<p>Telefones: (21) 2254-1920, 2568-7108, 99986-4835, 96502-6323, 99809-4822<\/p>\n<p>Endere\u00e7os: Rua Soares Caldeira, 142, grupo 1011, Madureira (<a href=\"https:\/\/goo.gl\/maps\/9B9jWT6tQcVBq9dz9\" target=\"_blank\" rel=\"noopener\">saiba como chegar<\/a>);<\/p>\n<p>Rua Conde de Bonfim, 255, 717, Tijuca (<a href=\"https:\/\/goo.gl\/maps\/J7XoYK8RSkPj7x4T8\" target=\"_blank\" rel=\"noopener\">saiba como chegar<\/a>);<\/p>\n<p>Rua Jorge Curi, 550, 157, Barra da Tijuca (<a href=\"https:\/\/goo.gl\/maps\/WYFQpZitwqvPiTQ19\" target=\"_blank\" rel=\"noopener\">saiba como chegar<\/a>)<\/p>\n<ul>\n<li>MARCELA ROSA DE ALMEIDA<\/li>\n<li>MARCIA HENRIQUES DE MAGALH\u00c3ES COSTA<\/li>\n<li>MARCIA LYRIO<\/li>\n<li>MARCIA REGINA AQUINO DE OLIVEIRA BAPTISTA<\/li>\n<li>MARCIA VAL\u00c9RIA MARQUES DE JESUS<\/li>\n<li>MARCIO CASTRO MENDES<\/li>\n<li>MARCIO FRAGOSO CASTRO<\/li>\n<li>MARCIUS BATISTA DA SILVEIRA<\/li>\n<li>MARCOS IMBROSIO ROTHFUCHS<\/li>\n<li>MARCUS TULIO BASSUL HADDAD FILHO<\/li>\n<li>MARIA APARECIDA FERREIRA<\/li>\n<li>MARIA DAS GRA\u00c7AS DIAS DA SILVA<\/li>\n<li>MARIA ELIZABETH CARDOSO DE CASTRO<\/li>\n<li>MARIA HELENA LOUZADA PEREIRA<\/li>\n<li>MARIANA COELHO<\/li>\n<li>MARICELI SANTOS COSTA<\/li>\n<li>MARINA DODSWORTH DE BARROS<\/li>\n<li>MARTA DE FATIMA BALFOUR LEVY<\/li>\n<li>MOISES COPELMAN<\/li>\n<li>MONICA ASMAR NOVIS<\/li>\n<li>MONICA FERREIRA BAPTISTA<\/li>\n<li>MONICA MARIA CARDOSO MONNERAT<\/li>\n<li>MONICA SOLDAN<\/li>\n<li>NEWTON TEIXEIRA DOS SANTOS<\/li>\n<li>OLIVIA BARBERI LUNA<\/li>\n<li>OSANA SANCHES FROZI<\/li>\n<li>PATRICIA ABRANTES LUNA<\/li>\n<li>PATRICIA ELAINE DE AZEVEDO MACHADO<\/li>\n<li>PAULA AMORIM NOVAIS ZDANOWSKI<\/li>\n<li>PAULA BARBOZA CARNEIRO PENNA CHAVES<\/li>\n<li>PAULA DE AZEVEDO LOPES<\/li>\n<\/ul>\n<p>PAULA PERUZZI ELIA<\/p>\n<p>CRM: 5267545-8<\/p>\n<p>Telefone: (21) 3541-0401<\/p>\n<p>Endere\u00e7o: Rua Sorocaba, 477, 7\u00ba andar, Botafogo, Rio de Janeiro (<a href=\"https:\/\/goo.gl\/maps\/8dXMKwu9Xc9CNNjR6\">saiba como chegar<\/a>)<\/p>\n<ul>\n<li>PAULO MARCELO FERNANDES LOPES DIAS<\/li>\n<li>PAULO ROBERTO ALVES DE PINHO<\/li>\n<li>PEDRO BRITO DE OLIVEIRA<\/li>\n<li>PEDRO GUSM\u00c3O COSTA MACHADO<\/li>\n<li>PRISCILA DOS SANTOS MELGA\u00c7O<\/li>\n<li>PRISCILA POLLO FLORES<\/li>\n<\/ul>\n<p>PRISCILA SOARES BARBI HATUM<\/p>\n<p>CRM: 52649341<\/p>\n<p>Telefones: (21) 2431-7319 e (21) 3258-4404<\/p>\n<p>Endere\u00e7o: Avenida Ayrton Senna, 2.500 (Neolink), Office III, sala 230, Barra da Tijuca (<a href=\"https:\/\/goo.gl\/maps\/GzCLfhNv6a4Her8aA\" target=\"_blank\" rel=\"noopener\">saiba como chegar<\/a>)<\/p>\n<ul>\n<li>RENATA DE FREITAS FACHADA<\/li>\n<li>RENATA DE S\u00c1 BRITO FR\u00d3ES<\/li>\n<li>RENATA FERNANDES DE AMORIM<\/li>\n<li>RENATA MARIEIRO NAVES DA MOTTA<\/li>\n<li>RICARDO CERQUEIRA ALVARIZ<\/li>\n<li>RICARDO JOS\u00c9 FITTIPALDI FERNANDEZ<\/li>\n<li>ROBERTO BORGES TRINDADE<\/li>\n<li>ROBERTO HENRIQUE KATZ<\/li>\n<li>ROBERTO LUIZ TEIXEIRA DE CARVALHO<\/li>\n<li>ROBERTO MALKA Y NEGRI<\/li>\n<li>RONALDO TAAM<\/li>\n<li>ROSANA DA SILVA CIUFFO<\/li>\n<li>ROSANIA MARIA IN\u00c1CIO<\/li>\n<li>SALATIEL JOSE SARTORI JUNIOR<\/li>\n<li>SANDRA AMARAL DE CARVALHO<\/li>\n<li>SILVANDO BARBALHO RODRIGUES<\/li>\n<li>SILVIO GERALDO GUIMAR\u00c3ES DE OLIVEIRA<\/li>\n<li>SIMONE GUARALDI DA SILVA<\/li>\n<li>SIMONE MANDALI ALMEIDA<\/li>\n<li>SYLVIA MARIA GOMES VILELA<\/li>\n<li>TALITA RIBEIRO LINO TEDESCO<\/li>\n<li>TASSIANA CARDOZO DE CARVALHO<\/li>\n<li>TATIANA BUENO SANTOS<\/li>\n<li>THAIS GUARAN\u00c1 DE ANDRADE<\/li>\n<\/ul>\n<p>THAIS RIBEIRO DA COSTA LINO<\/p>\n<p>CRM: 52683990<\/p>\n<p>Telefones: (21) 3851-5151<\/p>\n<p>Endere\u00e7o: Avenida das Am\u00e9ricas, 12.900, bloco 2, sala SS 145, Barra da Tijuca (<a href=\"https:\/\/goo.gl\/maps\/MUnWfEypo2ydVnPBA\" target=\"_blank\" rel=\"noopener\">saiba como chegar<\/a>)<\/p>\n<ul>\n<li>THERESA CHRISTINA DAMIAN RIBEIRO<\/li>\n<li>THEREZA CRISTINA VASCONCELLOS SILVA<\/li>\n<li>TULIO MEDINA GUERRA PEREIRA CALDAS<\/li>\n<li>VERONICA PIMENTEL DIVAN<\/li>\n<li>VERUSKA FARIA MENDES MACHADO<\/li>\n<li>V\u00cdTOR SOUZA TEIXEIRA DE MELLO<\/li>\n<li>VIVIANE FITTIPALDI<\/li>\n<li>VLADIMIR MOLINA DE OLIVEIRA<\/li>\n<li>WALTER ANTONIO BITTENCOURT FIRMAN<\/li>\n<li>YOLANDA FAIA MANHAES TOLENTINO<\/li>\n<\/ul>\n<p><strong>Angra dos Reis<\/strong><\/p>\n<ul>\n<li>CARMELO FRANCISCO DE SOUZA STANZIOLA<\/li>\n<\/ul>\n<p><strong>Araruama<\/strong><\/p>\n<ul>\n<li>LUIZ GASPAR DE OLIVEIRA FERREIRA<\/li>\n<\/ul>\n<p><strong>Barra Mansa<\/strong><\/p>\n<ul>\n<li>ALEXANDRE BRAGA RAPHAEL<\/li>\n<li>FERNANDA DE AZEVEDO MARQUES LOPES<\/li>\n<li>IVAN LOPES S. THIAGO FILHO<\/li>\n<li>LUIZ ROBERTO DE SOUZA S THIAGO<\/li>\n<li>LUCIENE APARECIDA RIBEIRO DE SOUZA<\/li>\n<\/ul>\n<p><strong>Bom Jesus do Itabapoana<\/strong><\/p>\n<ul>\n<li>CELSO RIBEIRO FERREIRA<\/li>\n<\/ul>\n<p><strong>Cabo Frio<\/strong><\/p>\n<ul>\n<li>JULIANA DE OLIVEIRA SOUZA PACHECO<\/li>\n<\/ul>\n<p><strong>Campos dos Goytacazes<\/strong><\/p>\n<ul>\n<li>GUILHERME FALC\u00c3O RIBEIRO FERREIRA<\/li>\n<li>JOS\u00c9 ANTONIO NOGUEIRA BARROSO J\u00daNIOR<\/li>\n<li>LILIANA MARTINEZ SANCHEZ<\/li>\n<li>MANOEL CARLOS VIEIRA JR.<\/li>\n<li>WEBSTER LIDER RIBEIRO FERRAZ<\/li>\n<\/ul>\n<p><strong>Carmo<\/strong><\/p>\n<ul>\n<li>CINTIA DE SOUZA LE\u00c3O ESPINOSO MONTE<\/li>\n<\/ul>\n<p><strong>Itaperuna<\/strong><\/p>\n<ul>\n<li>LUIZ GUSTAVO SIQUEIRA TINOCO<\/li>\n<li>MARCOS TINOCO DE OLIVEIRA<\/li>\n<li>RENAN CATHARINA TINOCO<\/li>\n<\/ul>\n<p><strong>Maca\u00e9<\/strong><\/p>\n<ul>\n<li>CL\u00c1UDIO LUIZ LOUREN\u00c7O DE SOUZA<\/li>\n<\/ul>\n<p>JOS\u00c9 CARLOS AZEVEDO SIQUEIRA<\/p>\n<p>Telefones: (22) 2772-1307<\/p>\n<p>Endere\u00e7o: Rua Augusto de Carvalho, 43, Centro, Maca\u00e9 (<a href=\"https:\/\/goo.gl\/maps\/91YangP9RktbFSyz6\" target=\"_blank\" rel=\"noopener\">saiba como chegar<\/a>)<\/p>\n<ul>\n<li>JOS\u00c9 CARLOS DE MENEZES<\/li>\n<\/ul>\n<p>ROBERTO GALIZA DE ALMEIDA<\/p>\n<p>CRM: 52662267<\/p>\n<p>Telefone: (22) 2762-5339<\/p>\n<p>Endere\u00e7o: Avenida Nossa Senhora da Gl\u00f3ria, 1.917, Praia Campista, Maca\u00e9 (<a href=\"https:\/\/goo.gl\/maps\/YDBYS2ofegPQh7gM8\" target=\"_blank\" rel=\"noopener\">saiba como chegar<\/a>)<\/p>\n<p><strong>Miracema<\/strong><\/p>\n<ul>\n<li>JOS\u00c9 PAULO HASSEL MACHADO<\/li>\n<\/ul>\n<p><strong>Niter\u00f3i<\/strong><\/p>\n<ul>\n<li>ALINE MURUCCI FERREIRA<\/li>\n<li>ALKAMIR ISSA<\/li>\n<li>ANDR\u00c9 BARROSO MUGAYAR<\/li>\n<li>ANGELA MIRANDA S\u00c1 FREIRE<\/li>\n<li>BARBARA CATHALA ESBERARD<\/li>\n<li>BRUNA RICHARD MERCANTE SPELTA<\/li>\n<\/ul>\n<p>CL\u00c1UDIA COZENDEY PARADA<\/p>\n<p>CRM: 52.95919-7<\/p>\n<p>Telefone: (21) 98172-2151<\/p>\n<p>Endere\u00e7o: Rua Ministro Ot\u00e1vio Kelly, 337, sala 801, Icara\u00ed (<a href=\"https:\/\/maps.app.goo.gl\/7YzPf4A8FwyRcNFm7\" target=\"_blank\" rel=\"noopener\">saiba como chegar<\/a>)<\/p>\n<ul>\n<li>CRISTIANE MARIA DE FLEITAS BRITO PALOMBO<\/li>\n<li>DANIELLE SOUZA BAR\u00c3O DE AGUIAR<\/li>\n<li>EDUARDO RACHMAN VIEGAS<\/li>\n<li>EDWARD CHRISTIAN BROCKMEYER LUSIS<\/li>\n<li>ELIANE BORDALO CATHALA ESBERARD<\/li>\n<li>FL\u00c1VIA RANGEL DE S\u00c1 RIBEIRO<\/li>\n<li>GLAUCO BARBIERI<\/li>\n<li>GUSTAVO FIGUEIREDO MORAES<\/li>\n<li>JORGE MUGAYAR FILHO<\/li>\n<li>JOS\u00c9 CARLOS CORTES BARROSO<\/li>\n<li>LEONARDO TEIXEIRA RODRIGUES<\/li>\n<li>LILIAN MACHADO SILVA<\/li>\n<li>LUCIANA ROG\u00c9RIO CAPAT\u00c3O<\/li>\n<li>LUIZ ARMANDO RODRIGUES VELLOSO<\/li>\n<li>LUIZ CARLOS DUARTE MONTEIRO<\/li>\n<\/ul>\n<p>LUIZ CARLOS DUARTE MONTEIRO J\u00daNIOR<\/p>\n<p>CRM: 52-49846-1<\/p>\n<p>Telefone: (21) 3500-7535<\/p>\n<p>Endere\u00e7o: Rua Doutor Celestino, 122, sala 822 &#8211; Ioffice Niter\u00f3i, Centro (<a href=\"https:\/\/goo.gl\/maps\/B4pCJ7UEAMc73KPR9\" target=\"_blank\" rel=\"noopener\">saiba como chegar<\/a>)<\/p>\n<ul>\n<li>LUIZ JO\u00c3O ABRAH\u00c3O<\/li>\n<li>LUIZ JO\u00c3O ABRAH\u00c3O JUNIOR<\/li>\n<li>LUIZ PINHEIRO QUINELLATO<\/li>\n<li>MARCELO SOARES NEVES<\/li>\n<li>MARCIA CRISTINA DA COSTA<\/li>\n<li>MARCIA REGINA MATOS TEIXEIRA RIBEIRO<\/li>\n<li>MARCIO DE CARVALHO COSTA<\/li>\n<li>MARIA CLAUDIA CRUZ LINS<\/li>\n<li>MARIANA GOMES CABRAL<\/li>\n<li>MATHEUS MARQUES FREDERICO<\/li>\n<li>PAULO ROBERTO DIAS<\/li>\n<\/ul>\n<p>RAFAEL PIRES QUINELLATO<\/p>\n<p>CRM: 52833622<\/p>\n<p>Endere\u00e7o: Rua Gavi\u00e3o Peixoto, 70, sala 801, Icara\u00ed (<a href=\"https:\/\/goo.gl\/maps\/Toeg9fNkDaA5XHzr6\" target=\"_blank\" rel=\"noopener\">saiba como chegar<\/a>)<\/p>\n<ul>\n<li>RENATA CASTRO FARIA CAMPOS DE OLIVAS<\/li>\n<li>RICARDO FRANCISCO FAVILLA EBECKEN<\/li>\n<li>RICARDO PORTELA SOBREIRA<\/li>\n<li>SUZANA GRASSANO FADEL<\/li>\n<li>VIVIANE EIRAS GONSALEZ DE MACEDO PRADO<\/li>\n<\/ul>\n<p><strong>Nova Friburgo<\/strong><\/p>\n<ul>\n<li>CAROLINA BASTOS DE S\u00c1 BORGES<\/li>\n<\/ul>\n<p>L\u00cdDIA DA FONSECA MOREIRA MAGLIANO<\/p>\n<p>CRM 79979-3<\/p>\n<p>RQE 33098<\/p>\n<p>Endere\u00e7o: Rua General Os\u00f3rio, 268, casa 4 (em frente a Examina), Centro (<a href=\"https:\/\/goo.gl\/maps\/5fGkENmk4rxYWwQu5\" target=\"_blank\" rel=\"noopener\">saiba como chegar<\/a>)<\/p>\n<p>Telefones: (22) 92623611 |&nbsp;(22) 20100496<\/p>\n<p><strong>Nova Igua\u00e7u<\/strong><\/p>\n<ul>\n<li>CARLA BORGES CUGLIANA<\/li>\n<\/ul>\n<p>PAULO ROBERTO RODRIGUES DA CUNHA<\/p>\n<p>CRM: 52-42377\/6<\/p>\n<p>Telefone: (21) 2768-7792<\/p>\n<p>Endere\u00e7o: Rua Bar\u00e3o de Tingu\u00e1, 439, 201 a 302, Centro, Nova Igua\u00e7u (<a href=\"https:\/\/goo.gl\/maps\/RQEioRxXnro57ZaL6\" target=\"_blank\" rel=\"noopener\">saiba como chegar<\/a>)<\/p>\n<ul>\n<li>VILSON DE LEMOS<\/li>\n<\/ul>\n<p>VILSON DE LEMOS JUNIOR<\/p>\n<p>CRM: 59225-2<\/p>\n<p>Telefone: (21) 2768-7259<\/p>\n<p>Endere\u00e7o:&nbsp;Av. Ivan Vigne, 97, 2\u00ba andar, Centro (<a href=\"https:\/\/goo.gl\/maps\/FFhc5GHSamsa9U8r5\" target=\"_blank\" rel=\"noopener\">saiba como chegar<\/a>)<\/p>\n<p><strong>Petr\u00f3polis<\/strong><\/p>\n<ul>\n<li>CIRILO AUGUSTO GUIDINE DA SILVA<\/li>\n<\/ul>\n<p>DANIEL CARDOSO ALVES FILHO<\/p>\n<p>CRM: 5259594-8<\/p>\n<p>Telefone: (24) 2246-6268<\/p>\n<p>Endere\u00e7o: Rua Raul de Leoni, 59, Centro (<a href=\"https:\/\/goo.gl\/maps\/xppifNNvtnMgobCQ6\" target=\"_blank\" rel=\"noopener\">saiba como chegar<\/a>)<\/p>\n<p>Telefone: (24)&nbsp;2233-4600<\/p>\n<p>Endere\u00e7o: Rua Paulino Afonso, 477, Centro (Hospital Santa Teresa) (<a href=\"https:\/\/goo.gl\/maps\/HEeQTLgfq4YnvFAU8\" target=\"_blank\" rel=\"noopener\">saiba como chegar<\/a>)<\/p>\n<p>FL\u00c1VIO ANDRIOLO MENDES<\/p>\n<p>CRM: 52.22222-4<\/p>\n<p>Telefone: (24) 2243-1399<\/p>\n<p>Endere\u00e7o: Rua Teresa, 1515, salas 166\/167, Alto da Serra (<a href=\"https:\/\/goo.gl\/maps\/G4tVQz9okgY66scs7\" target=\"_blank\" rel=\"noopener\">saiba como chegar<\/a>)<\/p>\n<ul>\n<li>JO\u00c3O MARCOS REZENDE MENDES<\/li>\n<li>MARCO ANTONIO CARD\u00c3O CHIMELLI<\/li>\n<li>MIGUEL KOURY FILHO<\/li>\n<li>RAFAEL MENDON\u00c7A MARCUCCI<\/li>\n<li>RAQUEL MENDES DE S\u00c1 MARQUES<\/li>\n<li>RENATA BUSSADE PILLAR<\/li>\n<\/ul>\n<p><strong>Resende<\/strong><\/p>\n<ul>\n<li>CLEBER R R GOULART DA SILVA<\/li>\n<\/ul>\n<p>MARIA DE LOURDES ROSA GUIMAR\u00c3ES<\/p>\n<p>Telefone:&nbsp;(24) 3355-0503<\/p>\n<p>Endere\u00e7o: Avenida Beira Rio, 85, sala 5, Montese (<a href=\"https:\/\/goo.gl\/maps\/oz1EBv1v1cEA35Ns5\" target=\"_blank\" rel=\"noopener\">saiba como chegar<\/a>)<\/p>\n<p><strong>Rio Bonito<\/strong><\/p>\n<ul>\n<li>JULIO CESAR SEGALOTE<\/li>\n<\/ul>\n<p><strong>Rio das Ostras<\/strong><\/p>\n<ul>\n<li>HUMBERTO HENRIQUES SCHWARTZ J\u00daNIOR<\/li>\n<li>NATHALIA SABER DE ANDRADE<\/li>\n<\/ul>\n<p><strong>S\u00e3o Jo\u00e3o de Meriti<\/strong><\/p>\n<ul>\n<li>FABIANA PEREIRA LOPES<\/li>\n<\/ul>\n<p><strong>S\u00e3o Gon\u00e7alo<\/strong><\/p>\n<ul>\n<li>CL\u00c1UDIO FERNAMBEL MARQUES E SILVA<\/li>\n<\/ul>\n<p><strong>Teres\u00f3polis<\/strong><\/p>\n<ul>\n<li>JAMES MENEZES ALVAREZ<\/li>\n<li>JAMES QUEIROZ ALVAREZ<\/li>\n<li>LUCIANA VANDESTEEN<\/li>\n<\/ul>\n<p><strong>Valen\u00e7a<\/strong><\/p>\n<ul>\n<li>FERNANDO ANTONIO GALV\u00c3O PEREIRA JUNIOR<\/li>\n<li>KLECIUS ALVES CARDIM<\/li>\n<\/ul>\n<p><strong>Volta Redonda<\/strong><\/p>\n<ul>\n<li>ANELISE LUDERER DIAS<\/li>\n<li>GIOVANI DE MENDON\u00c7A ARAUJO<\/li>\n<\/ul>\n<p>MAURILLO ANTONIO BICHARA DA SILVEIRA<\/p>\n<p>CRM: 77340-9<\/p>\n<p>Telefone: (24) 3348-9509<\/p>\n<p>Endere\u00e7o: Rua Quarenta, 14, Shopping 33, Torre 2, salas 1401 a 1403, Vila Santa Cec\u00edlia (<a href=\"https:\/\/maps.app.goo.gl\/tgP6Ag32Du1f5R4m8\" target=\"_blank\" rel=\"noopener\">saiba como chegar<\/a>)<\/p>\n<p>RODOLFO FIGUEIRA GUEDES VASCONCELOS<\/p>\n<p>CRM: 790362<\/p>\n<p>Telefone: (24) 98127-2623<\/p>\n<p>Endere\u00e7o: Rua Quarenta, 8 &#8211; Shopping 33 &#8211; Torre 3 &#8211; Sala 1811,&nbsp;Vila Santa Cec\u00edlia,&nbsp;Volta Redonda (<a href=\"https:\/\/maps.app.goo.gl\/wSN4GU6L69LqFEpq5\" target=\"_blank\" rel=\"noopener\">saiba como chegar<\/a>)<\/p>\n<p>Telefones: (24) 3342-3181 \/ 99880-7887<\/p>\n<p>Endere\u00e7o: Rua Dr. Miguel Couto, 70 &#8211; 2\u00ba Andar (GastroMais), Jardim Am\u00e1lia, Volta Redonda (<a href=\"https:\/\/maps.app.goo.gl\/yZZQeWcLuutJH6Di7\" target=\"_blank\" rel=\"noopener\">saiba como chegar<\/a>)<\/p>\n","protected":false},"excerpt":{"rendered":"<p>ENCONTRE SEU ESPECIALISTA VERIFIQUE SE SEU M\u00c9DICO \u00c9 FILIADO \u00c0 SOCIEDADE BRASILEIRA DE ENDOSCOPIA DIGESTIVA (SOBED): Rio de Janeiro AFONSO CELSO DA SILVA PAREDES AGNES NAOMI YOSHIMOTO ALESSANDRA MENDON\u00c7A DE ALMEIDA MACIEL ALEXANDRE ABR\u00c3O NETO ALEXANDRE DIAS PELOSI ALEXANDRE SARAIVA IACHAN ALEXANDRE TEIXEIRA GON\u00c7ALVES CRM: 52815101 Endere\u00e7o: Avenida Ces\u00e1rio de Melo, 2823, sala 201, Campo [&hellip;]<\/p>\n","protected":false},"author":1,"featured_media":0,"parent":0,"menu_order":0,"comment_status":"closed","ping_status":"closed","template":"","meta":{"ngg_post_thumbnail":0,"footnotes":""},"class_list":["post-2733","page","type-page","status-publish","hentry"],"aioseo_notices":[],"_links":{"self":[{"href":"https:\/\/sobedrj.com.br\/novo\/wp-json\/wp\/v2\/pages\/2733","targetHints":{"allow":["GET"]}}],"collection":[{"href":"https:\/\/sobedrj.com.br\/novo\/wp-json\/wp\/v2\/pages"}],"about":[{"href":"https:\/\/sobedrj.com.br\/novo\/wp-json\/wp\/v2\/types\/page"}],"author":[{"embeddable":true,"href":"https:\/\/sobedrj.com.br\/novo\/wp-json\/wp\/v2\/users\/1"}],"replies":[{"embeddable":true,"href":"https:\/\/sobedrj.com.br\/novo\/wp-json\/wp\/v2\/comments?post=2733"}],"version-history":[{"count":54,"href":"https:\/\/sobedrj.com.br\/novo\/wp-json\/wp\/v2\/pages\/2733\/revisions"}],"predecessor-version":[{"id":18172,"href":"https:\/\/sobedrj.com.br\/novo\/wp-json\/wp\/v2\/pages\/2733\/revisions\/18172"}],"wp:attachment":[{"href":"https:\/\/sobedrj.com.br\/novo\/wp-json\/wp\/v2\/media?parent=2733"}],"curies":[{"name":"wp","href":"https:\/\/api.w.org\/{rel}","templated":true}]}}