{"id":91,"date":"2015-01-30T20:39:39","date_gmt":"2015-01-30T20:39:39","guid":{"rendered":"http:\/\/sobedrj.com.br\/novo\/?page_id=91"},"modified":"2015-01-30T20:39:39","modified_gmt":"2015-01-30T20:39:39","slug":"colonoscopia","status":"publish","type":"page","link":"https:\/\/sobedrj.com.br\/novo\/informacoes-para-pacientes\/colonoscopia\/","title":{"rendered":"Colonoscopia"},"content":{"rendered":"<p><strong>O que \u00e9 colonoscopia?<\/strong><\/p>\n<p>Colonoscopia \u00e9 o exame endosc\u00f3pico do c\u00f3lon (intestino grosso) e muitas vezes tamb\u00e9m do \u00edleo terminal (por\u00e7\u00e3o final do intestino delgado). Al\u00e9m da inspec\u00e7\u00e3o da superf\u00edcie intestinal, a colonoscopia permite tamb\u00e9m a realiza\u00e7\u00e3o de bi\u00f3psias que podem ser \u00fateis no estabelecimento do diagn\u00f3stico. Procedimentos terap\u00eauticos tamb\u00e9m podem ser realizados durante a colonoscopia e entre eles, o mais frequente \u00e9 a polipectomia que \u00e9 a remo\u00e7\u00e3o de p\u00f3lipos.<\/p>\n<p><strong>Qual o preparo para o exame?<\/strong><\/p>\n<p>Para a realiza\u00e7\u00e3o da colonoscopia \u00e9 muito importante que se fa\u00e7a um preparo intestinal para que os res\u00edduos sejam removidos do interior do c\u00f3lon e assim o exame pode ser feito com o m\u00e1ximo de seguran\u00e7a e efic\u00e1cia. Habitualmente, para o preparo intestinal \u00e9 recomendado dietas, laxativos e ventualmente lavagens. A forma de preparo \u00e9 vari\u00e1vel e depende do protocolo empregado no servi\u00e7o.<\/p>\n<p><strong>O que acontecer\u00e1 durante o exame?<\/strong><\/p>\n<p>Ap\u00f3s o preparo do c\u00f3lon, o paciente \u00e9 levado \u00e0 sala de exame onde ser\u00e1 sedado. O colonosc\u00f3pio \u00e9 ent\u00e3o introduzido pelo reto at\u00e9 o ceco (por\u00e7\u00e3o inicial do c\u00f3lon) ou at\u00e9 o \u00edleo terminal. Durante a retirada do aparelho \u00e9 feita uma minuciosa inspe\u00e7\u00e3o identificando as eventuais altera\u00e7\u00f5es. Quando necess\u00e1rio \u00e9 poss\u00edvel obter fragmentos (bi\u00f3psias) para estudo. Os p\u00f3lipos diagnosticados podem, sempre que o colonoscopista achar conveniente, ser removidos durante a colonoscopia.<\/p>\n<p><strong>Quais os riscos do procedimento?<\/strong><\/p>\n<p>As complica\u00e7\u00f5es relacionadas \u00e0 colonoscopia podem decorrer do preparo do colon, da seda\u00e7\u00e3o, do exame propriamente dito ou de procedimentos complementares realizados. O preparo, que \u00e9 variavel nos diversos servi\u00e7os, podem gerar intoler\u00e2ncia g\u00e1strica que se refletir\u00e1 em nauseas, v\u00f4mitos e distens\u00e3o abdominal. Como o preparo induz a uma diarr\u00e9ia, pode ocorrer desidrata\u00e7\u00e3o e desequil\u00edbrio dos eletr\u00f3litos. As complica\u00e7\u00f5es relativas \u00e0 seda\u00e7\u00e3o variam de uma flebite superficial at\u00e9 situa\u00e7\u00f5ses de maior gravidade com hipotens\u00e3o arterial, bradicardia, depress\u00e3o respirat\u00f3ria, broncoaspira\u00e7\u00e3o e parada cardiorrespirat\u00f3ria. Pode ocorrer perfura\u00e7\u00e3o intestinal durante a introdu\u00e7\u00e3o do colonosc\u00f3pio. Esta temida complica\u00e7\u00e3o ocorre em cerca de 0,05% das colonoscopia com finalidade diagn\u00f3stica. Ressec\u00e7\u00e3o de p\u00f3lipos pode acarretar em duas graves complica\u00e7\u00f5es: a perfura\u00e7\u00e3o e a hemorragia. Tais eventos relacionam-se principalmente ao tamanho dos p\u00f3lipos ressecados. A perfura\u00e7\u00e3o ocorre, nas diversas series, com frequ\u00eancia de 0,03 a 1% das polipectomias e a hemorragia em cerca de 0,02% dos procedimentos, podendo acontecer no momento da ressec\u00e7\u00e3o do p\u00f3lipo ou tardiamente at\u00e9 dias ap\u00f3s.<\/p>\n<p><strong>O que devo fazer ap\u00f3s o procedimento?<\/strong><\/p>\n<p>Ap\u00f3s o procedimento o paciente recupera-se da seda\u00e7\u00e3o no servi\u00e7o de endoscopia sendo liberado ap\u00f3s avalia\u00e7\u00e3o profissional. N\u00e3o deve conduzir ve\u00edculos. Recomenda-se alimenta\u00e7\u00e3o leve. No caso de mal estar, n\u00e1useas, v\u00f4mitos sangramento intestinal ou dor abdominal o paciente deve retornar ao servi\u00e7o de endoscopia.<\/p>\n","protected":false},"excerpt":{"rendered":"<p>O que \u00e9 colonoscopia? Colonoscopia \u00e9 o exame endosc\u00f3pico do c\u00f3lon (intestino grosso) e muitas vezes tamb\u00e9m do \u00edleo terminal (por\u00e7\u00e3o final do intestino delgado). Al\u00e9m da inspec\u00e7\u00e3o da superf\u00edcie intestinal, a colonoscopia permite tamb\u00e9m a realiza\u00e7\u00e3o de bi\u00f3psias que podem ser \u00fateis no estabelecimento do diagn\u00f3stico. Procedimentos terap\u00eauticos tamb\u00e9m podem ser realizados durante a [&hellip;]<\/p>\n","protected":false},"author":1,"featured_media":0,"parent":86,"menu_order":0,"comment_status":"closed","ping_status":"open","template":"","meta":{"ngg_post_thumbnail":0,"footnotes":""},"class_list":["post-91","page","type-page","status-publish","hentry"],"aioseo_notices":[],"_links":{"self":[{"href":"https:\/\/sobedrj.com.br\/novo\/wp-json\/wp\/v2\/pages\/91","targetHints":{"allow":["GET"]}}],"collection":[{"href":"https:\/\/sobedrj.com.br\/novo\/wp-json\/wp\/v2\/pages"}],"about":[{"href":"https:\/\/sobedrj.com.br\/novo\/wp-json\/wp\/v2\/types\/page"}],"author":[{"embeddable":true,"href":"https:\/\/sobedrj.com.br\/novo\/wp-json\/wp\/v2\/users\/1"}],"replies":[{"embeddable":true,"href":"https:\/\/sobedrj.com.br\/novo\/wp-json\/wp\/v2\/comments?post=91"}],"version-history":[{"count":1,"href":"https:\/\/sobedrj.com.br\/novo\/wp-json\/wp\/v2\/pages\/91\/revisions"}],"predecessor-version":[{"id":92,"href":"https:\/\/sobedrj.com.br\/novo\/wp-json\/wp\/v2\/pages\/91\/revisions\/92"}],"up":[{"embeddable":true,"href":"https:\/\/sobedrj.com.br\/novo\/wp-json\/wp\/v2\/pages\/86"}],"wp:attachment":[{"href":"https:\/\/sobedrj.com.br\/novo\/wp-json\/wp\/v2\/media?parent=91"}],"curies":[{"name":"wp","href":"https:\/\/api.w.org\/{rel}","templated":true}]}}